{"id":17964,"date":"2023-01-07T09:15:42","date_gmt":"2023-01-07T12:15:42","guid":{"rendered":"https:\/\/luizribeiroimoveis.com\/sitenovo\/?page_id=17964"},"modified":"2024-04-26T11:22:52","modified_gmt":"2024-04-26T14:22:52","slug":"pousada-a-venda-em-paraty","status":"publish","type":"page","link":"https:\/\/luizribeiroimoveis.com\/imoveis\/pousada-a-venda-em-paraty\/","title":{"rendered":"Pousadas"},"content":{"rendered":"\t\t<div data-elementor-type=\"wp-page\" data-elementor-id=\"17964\" class=\"elementor elementor-17964\" data-elementor-post-type=\"page\">\n\t\t\t\t\t\t<section class=\"elementor-section elementor-top-section elementor-element elementor-element-5b81e21 elementor-section-height-min-height animated-slow elementor-section-boxed elementor-section-height-default elementor-section-items-middle elementor-invisible\" data-id=\"5b81e21\" data-element_type=\"section\" data-settings=\"{&quot;background_background&quot;:&quot;classic&quot;,&quot;animation&quot;:&quot;fadeIn&quot;}\">\n\t\t\t\t\t\t\t<div class=\"elementor-background-overlay\"><\/div>\n\t\t\t\t\t\t\t<div class=\"elementor-container elementor-column-gap-default\">\n\t\t\t\t\t<div class=\"elementor-column elementor-col-100 elementor-top-column elementor-element elementor-element-ad367f8\" data-id=\"ad367f8\" data-element_type=\"column\">\n\t\t\t<div class=\"elementor-widget-wrap elementor-element-populated\">\n\t\t\t\t\t\t<div class=\"elementor-element elementor-element-0e7939f elementor-widget elementor-widget-heading\" data-id=\"0e7939f\" data-element_type=\"widget\" data-widget_type=\"heading.default\">\n\t\t\t\t<div class=\"elementor-widget-container\">\n\t\t\t\t\t<h1 class=\"elementor-heading-title elementor-size-default\">Pousadas \u00e0 venda em Paraty<\/h1>\t\t\t\t<\/div>\n\t\t\t\t<\/div>\n\t\t\t\t<div class=\"elementor-element elementor-element-38c6ea0 elementor-widget elementor-widget-button\" data-id=\"38c6ea0\" data-element_type=\"widget\" data-widget_type=\"button.default\">\n\t\t\t\t<div class=\"elementor-widget-container\">\n\t\t\t\t\t\t\t\t\t<div class=\"elementor-button-wrapper\">\n\t\t\t\t\t<a class=\"elementor-button elementor-button-link elementor-size-lg\" href=\"https:\/\/wa.me\/5524999999023\">\n\t\t\t\t\t\t<span class=\"elementor-button-content-wrapper\">\n\t\t\t\t\t\t<span class=\"elementor-button-icon\">\n\t\t\t\t<i aria-hidden=\"true\" class=\"fab fa-whatsapp\"><\/i>\t\t\t<\/span>\n\t\t\t\t\t\t\t\t\t<span class=\"elementor-button-text\">Fale Conosco<\/span>\n\t\t\t\t\t<\/span>\n\t\t\t\t\t<\/a>\n\t\t\t\t<\/div>\n\t\t\t\t\t\t\t\t<\/div>\n\t\t\t\t<\/div>\n\t\t\t\t\t<\/div>\n\t\t<\/div>\n\t\t\t\t\t<\/div>\n\t\t<\/section>\n\t\t\t\t<section class=\"elementor-section elementor-top-section elementor-element elementor-element-09038dc elementor-section-boxed elementor-section-height-default elementor-section-height-default\" data-id=\"09038dc\" data-element_type=\"section\" data-settings=\"{&quot;background_background&quot;:&quot;gradient&quot;}\">\n\t\t\t\t\t\t<div class=\"elementor-container elementor-column-gap-default\">\n\t\t\t\t\t<div class=\"elementor-column elementor-col-100 elementor-top-column elementor-element elementor-element-c8278ac\" data-id=\"c8278ac\" data-element_type=\"column\">\n\t\t\t<div class=\"elementor-widget-wrap elementor-element-populated\">\n\t\t\t\t\t\t<div class=\"elementor-element elementor-element-3db5a99 elementor-button-align-stretch elementor-widget elementor-widget-houzez_elementor_search_builder\" data-id=\"3db5a99\" data-element_type=\"widget\" data-widget_type=\"houzez_elementor_search_builder.default\">\n\t\t\t\t<div class=\"elementor-widget-container\">\n\t\t\t\t\t\n        <form class=\"houzez-search-form-js houzez-search-builder-form-js\" id=\"houzez-search-3db5a99\" method=\"get\" action=\"https:\/\/luizribeiroimoveis.com\/imoveis\/search-results\/\" >\n\n            \n            <div class=\"houzez-ele-search-form-wrapper elementor-form-fields-wrapper elementor-labels-above\">\n\n                                        <div class=\"elementor-field-group elementor-column form-group elementor-field-group-c2fdd00 elementor-col-40\">\n                    <label for=\"form-field-c2fdd00\" class=\"elementor-field-label elementor-screen-only\">Digite sua busca<\/label><input type=\"text\" size=\"1\" name=\"keyword\" id=\"form-field-c2fdd00\" value=\"\" class=\"elementor-field form-control elementor-size-sm elementor-field-textual houzez-keyword-autocomplete\" placeholder=\"Digite sua busca\"><div id=\"auto_complete_ajax\" class=\"auto-complete\"><\/div>                    <\/div>\n                    \n                                            <div class=\"elementor-field-group elementor-column form-group elementor-field-group-6f9ea88 elementor-col-20\">\n                    <label for=\"form-field-6f9ea88\" class=\"elementor-field-label elementor-screen-only\">Tipo do im\u00f3vel<\/label>        <div class=\"elementor-field elementor-select-wrapper\">\n            <select data-size=\"5\" name=\"type[]\" id=\"form-field-6f9ea88\" class=\"selectpicker bs-select-hidden houzez-field-textual form-control elementor-size-sm \" data-none-results-text=\"No results matched {0}\">\n                <option value=\"\">Tipo do im\u00f3vel<\/option><option data-ref=\"casas\"   value=\"casas\">Casas<\/option><option data-ref=\"casas-a-venda-em-bairros\"  value=\"casas-a-venda-em-bairros\"> - Casas a venda em Bairros<\/option><option data-ref=\"casas-a-venda-em-condominios\"  value=\"casas-a-venda-em-condominios\"> - Casas a venda em Condom\u00ednios<\/option><option data-ref=\"casas-a-venda-no-centro-historico\"  value=\"casas-a-venda-no-centro-historico\"> - Casas a venda no Centro Hist\u00f3rico<\/option><option data-ref=\"comerciais\"   value=\"comerciais\">Comerciais<\/option><option data-ref=\"pousadas\"  value=\"pousadas\"> - Pousadas<\/option><option data-ref=\"imoveis-a-beira-mar\"   value=\"imoveis-a-beira-mar\">Im\u00f3veis a Beira Mar<\/option><option data-ref=\"casa-a-venda-em-ilhas\"  value=\"casa-a-venda-em-ilhas\"> - Casa a venda em Ilhas<\/option><option data-ref=\"praias-ilhas-e-terrenos\"  value=\"praias-ilhas-e-terrenos\"> - Praias, Ilhas e Terrenos<\/option><option data-ref=\"sitios\"   value=\"sitios\">S\u00edtios<\/option><option data-ref=\"terrenos\"   value=\"terrenos\">Terrenos<\/option>            <\/select>\n        <\/div>\n                            <\/div>\n                    \n                                            <div class=\"elementor-field-group elementor-column form-group elementor-field-group-cce0d8c elementor-col-20\">\n                    <label for=\"form-field-cce0d8c\" class=\"elementor-field-label elementor-screen-only\">Cidade<\/label>        <div class=\"elementor-field elementor-select-wrapper\">\n            <select data-size=\"5\" name=\"location[]\" id=\"form-field-cce0d8c\" class=\"selectpicker bs-select-hidden houzez-field-textual form-control elementor-size-sm houzezSelectFilter houzezCityFilter houzezThirdList houzez-city-js\" data-none-results-text=\"No results matched {0}\" data-target=\"houzezFourthList\">\n                <option value=\"\">Cidade<\/option><option data-ref=\"paraty\" data-belong=\"\" data-subtext=\"\" value=\"paraty\">Paraty<\/option>            <\/select>\n        <\/div>\n                            <\/div>\n                    \n                                                <div class=\"elementor-field-group elementor-column elementor-field-type-submit elementor-col-20\">\n                                <button type=\"submit\" class=\"houzez-search-button elementor-button elementor-size-sm\">\n                                                                            Buscar                                                                    <\/button>\n                            <\/div>\n                            \n                    \n            <\/div><!-- End wrapper-->\n\n        <\/form>\n\n        \t\t\t\t<\/div>\n\t\t\t\t<\/div>\n\t\t\t\t\t<\/div>\n\t\t<\/div>\n\t\t\t\t\t<\/div>\n\t\t<\/section>\n\t\t\t\t<section class=\"elementor-section elementor-top-section elementor-element elementor-element-9da3385 elementor-section-boxed elementor-section-height-default elementor-section-height-default\" data-id=\"9da3385\" data-element_type=\"section\" data-settings=\"{&quot;background_background&quot;:&quot;classic&quot;}\">\n\t\t\t\t\t\t<div class=\"elementor-container elementor-column-gap-default\">\n\t\t\t\t\t<div class=\"elementor-column elementor-col-100 elementor-top-column elementor-element elementor-element-3dc7827\" data-id=\"3dc7827\" data-element_type=\"column\">\n\t\t\t<div class=\"elementor-widget-wrap elementor-element-populated\">\n\t\t\t\t\t\t<div class=\"elementor-element elementor-element-4ff88fd elementor-widget elementor-widget-spacer\" data-id=\"4ff88fd\" data-element_type=\"widget\" data-widget_type=\"spacer.default\">\n\t\t\t\t<div class=\"elementor-widget-container\">\n\t\t\t\t\t\t\t<div class=\"elementor-spacer\">\n\t\t\t<div class=\"elementor-spacer-inner\"><\/div>\n\t\t<\/div>\n\t\t\t\t\t\t<\/div>\n\t\t\t\t<\/div>\n\t\t\t\t<div class=\"elementor-element elementor-element-7562980 animated-slow elementor-invisible elementor-widget elementor-widget-houzez_elementor_section_title\" data-id=\"7562980\" data-element_type=\"widget\" data-settings=\"{&quot;_animation&quot;:&quot;fadeIn&quot;}\" data-widget_type=\"houzez_elementor_section_title.default\">\n\t\t\t\t<div class=\"elementor-widget-container\">\n\t\t\t\t\t            <div class=\"houzez_section_title_wrap section-title-module\">\n                                    <h2 class=\"houzez_section_title\">Buscamos o melhor im\u00f3vel para voc\u00ea\n<\/h2>\n                \n                                    <p class=\"houzez_section_subtitle\">Os melhores im\u00f3veis encontrados em Paraty est\u00e3o aqui.<\/p>\n                            <\/div>\n            \t\t\t\t<\/div>\n\t\t\t\t<\/div>\n\t\t\t\t<div class=\"elementor-element elementor-element-dae0d65 elementor-widget elementor-widget-houzez_elementor_property-card-v3\" data-id=\"dae0d65\" data-element_type=\"widget\" data-widget_type=\"houzez_elementor_property-card-v3.default\">\n\t\t\t\t<div class=\"elementor-widget-container\">\n\t\t\t\t\t\t\t\r\n\t\t<div id=\"properties_module_section\" class=\"property-cards-module property-cards-module-v1 property-cards-module-3-cols\">\r\n\t\t\t<div id=\"module_properties\" class=\"listing-view grid-view card-deck grid-view-3-cols\">\r\n\t\t\t\t<div class=\"item-listing-wrap hz-item-gallery-js item-listing-wrap-v3 card\" data-hz-id=\"hz-18272\" data-images=\"[{&quot;image&quot;:&quot;https:\\\/\\\/luizribeiroimoveis.com\\\/imoveis\\\/wp-content\\\/uploads\\\/2023\\\/01\\\/pousada-a-venda-em-paraty-praia-jabaquara-1-592x444.jpg&quot;,&quot;alt&quot;:&quot;&quot;,&quot;width&quot;:592,&quot;height&quot;:444},{&quot;image&quot;:&quot;https:\\\/\\\/luizribeiroimoveis.com\\\/imoveis\\\/wp-content\\\/uploads\\\/2023\\\/01\\\/pousada-a-venda-em-paraty-praia-jabaquara-9-592x444.jpg&quot;,&quot;alt&quot;:&quot;&quot;,&quot;width&quot;:592,&quot;height&quot;:444}]\">\n\t<div class=\"item-wrap item-wrap-v3 item-wrap-no-frame h-100\">\n\t\t<div class=\"listing-image-wrap\">\n\t<div class=\"listing-thumb\">\n\t\t<a target=\"_self\" href=\"https:\/\/luizribeiroimoveis.com\/imoveis\/property\/pousadas03-pousada-a-venda-em-paraty-proximo-da-praia-do-jabaquara\/\" class=\"listing-featured-thumb hover-effect\">\n\t\t\t<img fetchpriority=\"high\" decoding=\"async\" width=\"592\" height=\"444\" src=\"https:\/\/luizribeiroimoveis.com\/imoveis\/wp-content\/uploads\/2023\/01\/pousada-a-venda-em-paraty-praia-jabaquara-1-592x444.jpg\" class=\"img-fluid wp-post-image\" alt=\"\" srcset=\"https:\/\/luizribeiroimoveis.com\/imoveis\/wp-content\/uploads\/2023\/01\/pousada-a-venda-em-paraty-praia-jabaquara-1-592x444.jpg 592w, https:\/\/luizribeiroimoveis.com\/imoveis\/wp-content\/uploads\/2023\/01\/pousada-a-venda-em-paraty-praia-jabaquara-1-584x438.jpg 584w, https:\/\/luizribeiroimoveis.com\/imoveis\/wp-content\/uploads\/2023\/01\/pousada-a-venda-em-paraty-praia-jabaquara-1-120x90.jpg 120w\" sizes=\"(max-width: 592px) 100vw, 592px\" \/>\t\t<\/a><!-- hover-effect -->\n\t<\/div>\n<\/div>\n\t\t<h2 class=\"item-title\">\n\t<a target=\"_self\" href=\"https:\/\/luizribeiroimoveis.com\/imoveis\/property\/pousadas03-pousada-a-venda-em-paraty-proximo-da-praia-do-jabaquara\/\">Pousadas03 &#8211; Pousada a venda em Paraty pr\u00f3ximo da praia do Jabaquara<\/a>\n<\/h2><!-- item-title -->\t\t<ul class=\"item-amenities item-amenities-with-icons\">\n\t<\/ul>\t\t<ul class=\"item-price-wrap hide-on-list\">\n\t<li class=\"item-price item-price-text\"><\/li><\/ul>\t\t<div class=\"labels-wrap labels-right\"> \n\n\t<a href=\"https:\/\/luizribeiroimoveis.com\/imoveis\/status\/para-venda\/\" class=\"label-status label status-color-29\">\n\t\t\t\t\tVenda\n\t\t\t\t<\/a>       \n\n<\/div>\n\t\t\t\t<ul class=\"item-tools\">\n\n        <li class=\"item-tool item-preview\">\n        <span class=\"hz-show-lightbox-js\" data-listid=\"18272\" data-toggle=\"tooltip\" data-placement=\"top\" title=\"Preview\">\n                <i class=\"houzez-icon icon-expand-3\"><\/i>   \n        <\/span><!-- item-tool-favorite -->\n    <\/li><!-- item-tool -->\n        \n        <li class=\"item-tool item-favorite\">\n        <span class=\"add-favorite-js item-tool-favorite\" data-toggle=\"tooltip\" data-placement=\"top\" title=\"Favourite\" data-listid=\"18272\">\n            <i class=\"houzez-icon icon-love-it \"><\/i> \n        <\/span><!-- item-tool-favorite -->\n    <\/li><!-- item-tool -->\n    \n        <li class=\"item-tool item-compare\">\n        <span class=\"houzez_compare compare-18272 item-tool-compare show-compare-panel\" data-toggle=\"tooltip\" data-placement=\"top\" title=\"Add to Compare\" data-listing_id=\"18272\" data-listing_image=\"https:\/\/luizribeiroimoveis.com\/imoveis\/wp-content\/uploads\/2023\/01\/pousada-a-venda-em-paraty-praia-jabaquara-1-592x444.jpg\">\n            <i class=\"houzez-icon icon-add-circle\"><\/i>\n        <\/span><!-- item-tool-compare -->\n    <\/li><!-- item-tool -->\n    <\/ul><!-- item-tools -->\n\t\t<div class=\"preview_loader\"><\/div>\n\t<\/div><!-- item-wrap -->\n<\/div><!-- item-listing-wrap -->\r\n\t\t\t<\/div><!-- listing-view -->\r\n\r\n\t\t\t\t\t<\/div><!-- property-grid-module -->\r\n\r\n\t\t\t\t\t\t<\/div>\n\t\t\t\t<\/div>\n\t\t\t\t<div class=\"elementor-element elementor-element-2e780a5 elementor-widget elementor-widget-spacer\" data-id=\"2e780a5\" data-element_type=\"widget\" data-widget_type=\"spacer.default\">\n\t\t\t\t<div class=\"elementor-widget-container\">\n\t\t\t\t\t\t\t<div class=\"elementor-spacer\">\n\t\t\t<div class=\"elementor-spacer-inner\"><\/div>\n\t\t<\/div>\n\t\t\t\t\t\t<\/div>\n\t\t\t\t<\/div>\n\t\t\t\t\t<\/div>\n\t\t<\/div>\n\t\t\t\t\t<\/div>\n\t\t<\/section>\n\t\t\t\t<section class=\"elementor-section elementor-top-section elementor-element elementor-element-52b134d elementor-section-full_width elementor-section-height-default elementor-section-height-default\" data-id=\"52b134d\" data-element_type=\"section\">\n\t\t\t\t\t\t<div class=\"elementor-container elementor-column-gap-default\">\n\t\t\t\t\t<div class=\"elementor-column elementor-col-100 elementor-top-column elementor-element elementor-element-715b0d5\" data-id=\"715b0d5\" data-element_type=\"column\">\n\t\t\t<div class=\"elementor-widget-wrap elementor-element-populated\">\n\t\t\t\t\t\t<div class=\"elementor-element elementor-element-ab91207 elementor-widget elementor-widget-google_maps\" data-id=\"ab91207\" data-element_type=\"widget\" data-widget_type=\"google_maps.default\">\n\t\t\t\t<div class=\"elementor-widget-container\">\n\t\t\t\t\t\t\t<div class=\"elementor-custom-embed\">\n\t\t\t<iframe loading=\"lazy\"\n\t\t\t\t\tsrc=\"https:\/\/maps.google.com\/maps?q=R.%20Oscar%20Pinto%20da%20Silva%2C%2068%20-%20Pontal%2C%20Paraty%20-%20RJ&#038;t=m&#038;z=14&#038;output=embed&#038;iwloc=near\"\n\t\t\t\t\ttitle=\"R. Oscar Pinto da Silva, 68 - Pontal, Paraty - RJ\"\n\t\t\t\t\taria-label=\"R. Oscar Pinto da Silva, 68 - Pontal, Paraty - RJ\"\n\t\t\t><\/iframe>\n\t\t<\/div>\n\t\t\t\t\t\t<\/div>\n\t\t\t\t<\/div>\n\t\t\t\t\t<\/div>\n\t\t<\/div>\n\t\t\t\t\t<\/div>\n\t\t<\/section>\n\t\t\t\t<\/div>\n\t\t","protected":false},"excerpt":{"rendered":"<p>Pousadas \u00e0 venda em Paraty Fale Conosco Digite sua busca Tipo do im\u00f3vel Tipo do im\u00f3velCasas &#8211; Casas a venda em Bairros &#8211; Casas a venda em Condom\u00ednios &#8211; Casas a venda no Centro Hist\u00f3ricoComerciais &#8211; PousadasIm\u00f3veis a Beira Mar &#8211; Casa a venda em Ilhas &#8211; Praias, Ilhas e TerrenosS\u00edtiosTerrenos Cidade CidadeParaty Buscar Buscamos [&hellip;]<\/p>\n","protected":false},"author":2,"featured_media":0,"parent":0,"menu_order":0,"comment_status":"closed","ping_status":"closed","template":"template\/template-homepage.php","meta":{"_joinchat":[],"footnotes":""},"class_list":["post-17964","page","type-page","status-publish","hentry"],"_links":{"self":[{"href":"https:\/\/luizribeiroimoveis.com\/imoveis\/wp-json\/wp\/v2\/pages\/17964","targetHints":{"allow":["GET"]}}],"collection":[{"href":"https:\/\/luizribeiroimoveis.com\/imoveis\/wp-json\/wp\/v2\/pages"}],"about":[{"href":"https:\/\/luizribeiroimoveis.com\/imoveis\/wp-json\/wp\/v2\/types\/page"}],"author":[{"embeddable":true,"href":"https:\/\/luizribeiroimoveis.com\/imoveis\/wp-json\/wp\/v2\/users\/2"}],"replies":[{"embeddable":true,"href":"https:\/\/luizribeiroimoveis.com\/imoveis\/wp-json\/wp\/v2\/comments?post=17964"}],"version-history":[{"count":34,"href":"https:\/\/luizribeiroimoveis.com\/imoveis\/wp-json\/wp\/v2\/pages\/17964\/revisions"}],"predecessor-version":[{"id":19547,"href":"https:\/\/luizribeiroimoveis.com\/imoveis\/wp-json\/wp\/v2\/pages\/17964\/revisions\/19547"}],"wp:attachment":[{"href":"https:\/\/luizribeiroimoveis.com\/imoveis\/wp-json\/wp\/v2\/media?parent=17964"}],"curies":[{"name":"wp","href":"https:\/\/api.w.org\/{rel}","templated":true}]}}